[INFO] cloning repository https://github.com/RoxasShadow/bearbot
[INFO] running `Command { std: "git" "-c" "credential.helper=" "-c" "credential.helper=/workspace/cargo-home/bin/git-credential-null" "clone" "--bare" "https://github.com/RoxasShadow/bearbot" "/workspace/cache/git-repos/https%3A%2F%2Fgithub.com%2FRoxasShadow%2Fbearbot", kill_on_drop: false }`
[INFO] [stderr] Cloning into bare repository '/workspace/cache/git-repos/https%3A%2F%2Fgithub.com%2FRoxasShadow%2Fbearbot'...
[INFO] running `Command { std: "git" "rev-parse" "HEAD", kill_on_drop: false }`
[INFO] [stdout] 1e4a249737d7aae1b61931b600424921dd85b1f5
[INFO] checking RoxasShadow/bearbot against try#72f88fc4e9458f89516a0b8b0868f3718aec5b47 for pr-74989
[INFO] running `Command { std: "git" "clone" "/workspace/cache/git-repos/https%3A%2F%2Fgithub.com%2FRoxasShadow%2Fbearbot" "/workspace/builds/worker-0/source", kill_on_drop: false }`
[INFO] [stderr] Cloning into '/workspace/builds/worker-0/source'...
[INFO] [stderr] done.
[INFO] validating manifest of git repo https://github.com/RoxasShadow/bearbot on toolchain 72f88fc4e9458f89516a0b8b0868f3718aec5b47
[INFO] running `Command { std: "/workspace/cargo-home/bin/cargo" "+72f88fc4e9458f89516a0b8b0868f3718aec5b47" "read-manifest" "--manifest-path" "Cargo.toml", kill_on_drop: false }`
[INFO] started tweaking git repo https://github.com/RoxasShadow/bearbot
[INFO] finished tweaking git repo https://github.com/RoxasShadow/bearbot
[INFO] tweaked toml for git repo https://github.com/RoxasShadow/bearbot written to /workspace/builds/worker-0/source/Cargo.toml
[INFO] crate git repo https://github.com/RoxasShadow/bearbot already has a lockfile, it will not be regenerated
[INFO] running `Command { std: "/workspace/cargo-home/bin/cargo" "+72f88fc4e9458f89516a0b8b0868f3718aec5b47" "fetch" "--locked" "--manifest-path" "Cargo.toml", kill_on_drop: false }`
[INFO] [stderr]     Updating git repository `https://github.com/iron/logger`
[INFO] [stderr]     Updating git repository `https://github.com/RoxasShadow/slackbot`
[INFO] [stderr]  Downloading crates ...
[INFO] [stderr]   Downloaded serde_derive v0.8.19
[INFO] [stderr]   Downloaded quote v0.3.10
[INFO] [stderr]   Downloaded serde_codegen v0.8.19
[INFO] [stderr]   Downloaded traitobject v0.0.3
[INFO] [stderr]   Downloaded serde_codegen_internals v0.11.1
[INFO] [stderr]   Downloaded slack v0.16.0
[INFO] [stderr]   Downloaded iron v0.4.0
[INFO] [stderr]   Downloaded slack_api v0.15.0
[INFO] [stderr]   Downloaded gcc v0.3.40
[INFO] [stderr]   Downloaded syn v0.10.3
[INFO] [stderr]   Downloaded hyper v0.9.14
[INFO] running `Command { std: "docker" "create" "-v" "/var/lib/crater-agent-workspace/builds/worker-0/target:/opt/rustwide/target:rw,Z" "-v" "/var/lib/crater-agent-workspace/builds/worker-0/source:/opt/rustwide/workdir:ro,Z" "-v" "/var/lib/crater-agent-workspace/cargo-home:/opt/rustwide/cargo-home:ro,Z" "-v" "/var/lib/crater-agent-workspace/rustup-home:/opt/rustwide/rustup-home:ro,Z" "-e" "SOURCE_DIR=/opt/rustwide/workdir" "-e" "CARGO_TARGET_DIR=/opt/rustwide/target" "-e" "CARGO_HOME=/opt/rustwide/cargo-home" "-e" "RUSTUP_HOME=/opt/rustwide/rustup-home" "-w" "/opt/rustwide/workdir" "-m" "1610612736" "--user" "0:0" "--network" "none" "rustops/crates-build-env@sha256:d92eaeed33fa75130ca1ee6c8a01d1ffb62bac859dfdfb3450e3e5d1c0146529" "/opt/rustwide/cargo-home/bin/cargo" "+72f88fc4e9458f89516a0b8b0868f3718aec5b47" "metadata" "--no-deps" "--format-version=1", kill_on_drop: false }`
[INFO] [stderr] WARNING: Your kernel does not support swap limit capabilities or the cgroup is not mounted. Memory limited without swap.
[INFO] [stdout] b026e37537792b84527788660b914457ec0c83a1c9d7e083eb386685191f7cad
[INFO] running `Command { std: "docker" "start" "-a" "b026e37537792b84527788660b914457ec0c83a1c9d7e083eb386685191f7cad", kill_on_drop: false }`
[INFO] running `Command { std: "docker" "inspect" "b026e37537792b84527788660b914457ec0c83a1c9d7e083eb386685191f7cad", kill_on_drop: false }`
[INFO] running `Command { std: "docker" "rm" "-f" "b026e37537792b84527788660b914457ec0c83a1c9d7e083eb386685191f7cad", kill_on_drop: false }`
[INFO] [stdout] b026e37537792b84527788660b914457ec0c83a1c9d7e083eb386685191f7cad
[INFO] running `Command { std: "docker" "create" "-v" "/var/lib/crater-agent-workspace/builds/worker-0/target:/opt/rustwide/target:rw,Z" "-v" "/var/lib/crater-agent-workspace/builds/worker-0/source:/opt/rustwide/workdir:ro,Z" "-v" "/var/lib/crater-agent-workspace/cargo-home:/opt/rustwide/cargo-home:ro,Z" "-v" "/var/lib/crater-agent-workspace/rustup-home:/opt/rustwide/rustup-home:ro,Z" "-e" "SOURCE_DIR=/opt/rustwide/workdir" "-e" "CARGO_TARGET_DIR=/opt/rustwide/target" "-e" "CARGO_INCREMENTAL=0" "-e" "RUST_BACKTRACE=full" "-e" "RUSTFLAGS=--cap-lints=forbid" "-e" "CARGO_HOME=/opt/rustwide/cargo-home" "-e" "RUSTUP_HOME=/opt/rustwide/rustup-home" "-w" "/opt/rustwide/workdir" "-m" "1610612736" "--user" "0:0" "--network" "none" "rustops/crates-build-env@sha256:d92eaeed33fa75130ca1ee6c8a01d1ffb62bac859dfdfb3450e3e5d1c0146529" "/opt/rustwide/cargo-home/bin/cargo" "+72f88fc4e9458f89516a0b8b0868f3718aec5b47" "check" "--frozen" "--all" "--all-targets" "--message-format=json", kill_on_drop: false }`
[INFO] [stderr] WARNING: Your kernel does not support swap limit capabilities or the cgroup is not mounted. Memory limited without swap.
[INFO] [stdout] 57a5848a4056079684eb9c5206713476ae7272d703139dcbe0405d0500f1d31d
[INFO] running `Command { std: "docker" "start" "-a" "57a5848a4056079684eb9c5206713476ae7272d703139dcbe0405d0500f1d31d", kill_on_drop: false }`
[INFO] [stderr]     Blocking waiting for file lock on package cache
[INFO] [stderr]     Checking libc v0.2.18
[INFO] [stderr]    Compiling gcc v0.3.40
[INFO] [stderr]    Compiling semver v0.1.20
[INFO] [stderr]     Checking traitobject v0.0.3
[INFO] [stderr]    Compiling unicode-xid v0.0.3
[INFO] [stderr]    Compiling quote v0.3.10
[INFO] [stderr]     Checking dtoa v0.2.2
[INFO] [stderr]     Checking num-traits v0.1.36
[INFO] [stderr]     Checking serde v0.8.19
[INFO] [stderr]     Checking itoa v0.1.1
[INFO] [stderr]    Compiling openssl-sys v0.7.17
[INFO] [stderr]     Checking conduit-mime-types v0.7.3
[INFO] [stderr]    Compiling kernel32-sys v0.2.2
[INFO] [stderr]     Checking url v1.2.3
[INFO] [stderr]     Checking unsafe-any v0.4.1
[INFO] [stderr]     Checking error v0.1.9
[INFO] [stderr]     Checking typemap v0.3.3
[INFO] [stderr]     Checking time v0.1.35
[INFO] [stderr]     Checking num_cpus v1.2.0
[INFO] [stderr]     Checking memchr v0.1.11
[INFO] [stderr]     Checking thread-id v2.0.0
[INFO] [stderr]     Checking rand v0.3.15
[INFO] [stderr]     Checking net2 v0.2.26
[INFO] [stderr]     Checking num_cpus v0.2.13
[INFO] [stderr]     Checking aho-corasick v0.5.3
[INFO] [stderr]    Compiling syn v0.10.3
[INFO] [stderr]     Checking thread_local v0.2.7
[INFO] [stderr]    Compiling rustc_version v0.1.7
[INFO] [stderr]     Checking plugin v0.2.6
[INFO] [stderr]     Checking regex v0.1.80
[INFO] [stderr]    Compiling unicase v1.4.0
[INFO] [stderr]    Compiling openssl-sys-extras v0.7.14
[INFO] [stderr]    Compiling openssl v0.7.14
[INFO] [stdout] error[E0713]: borrow may still be in use when destructor runs
[INFO] [stdout]    --> /opt/rustwide/cargo-home/registry/src/github.com-1ecc6299db9ec823/url-1.2.3/src/form_urlencoded.rs:246:40
[INFO] [stdout]     |
[INFO] [stdout] 244 | impl<'a> Target for ::UrlQuery<'a> {
[INFO] [stdout]     |      -- lifetime `'a` defined here
[INFO] [stdout] 245 |     fn as_mut_string(&mut self) -> &mut String { &mut self.url.serialization }
[INFO] [stdout] 246 |     fn finish(self) -> &'a mut ::Url { self.url }
[INFO] [stdout]     |                                        ^^^^^^^^ - here, drop of `self` needs exclusive access to `*self.url`, because the type `UrlQuery<'_>` implements the `Drop` trait
[INFO] [stdout]     |                                        |
[INFO] [stdout]     |                                        returning this value requires that `*self.url` is borrowed for `'a`
[INFO] [stdout] 
[INFO] [stdout] 
[INFO] [stdout] error: aborting due to previous error
[INFO] [stdout] 
[INFO] [stdout] 
[INFO] [stdout] For more information about this error, try `rustc --explain E0713`.
[INFO] [stdout] 
[INFO] [stderr] error: could not compile `url`.
[INFO] [stderr] 
[INFO] [stderr] To learn more, run the command again with --verbose.
[INFO] [stderr] warning: build failed, waiting for other jobs to finish...
[INFO] [stderr] The following warnings were emitted during compilation:
[INFO] [stderr] 
[INFO] [stderr] warning: src/openssl_shim.c: In function 'DH_new_from_params':
[INFO] [stderr] warning: src/openssl_shim.c:132:7: error: dereferencing pointer to incomplete type 'DH' {aka 'struct dh_st'}
[INFO] [stderr] warning:   132 |     dh->p = p;
[INFO] [stderr] warning:       |       ^~
[INFO] [stderr] warning: src/openssl_shim.c: In function 'X509_get_extensions_shim':
[INFO] [stderr] warning: src/openssl_shim.c:143:13: error: dereferencing pointer to incomplete type 'X509' {aka 'struct x509_st'}
[INFO] [stderr] warning:   143 |     return x->cert_info ? x->cert_info->extensions : NULL;
[INFO] [stderr] warning:       |             ^~
[INFO] [stderr] 
[INFO] [stderr] error: build failed
[INFO] running `Command { std: "docker" "inspect" "57a5848a4056079684eb9c5206713476ae7272d703139dcbe0405d0500f1d31d", kill_on_drop: false }`
[INFO] running `Command { std: "docker" "rm" "-f" "57a5848a4056079684eb9c5206713476ae7272d703139dcbe0405d0500f1d31d", kill_on_drop: false }`
[INFO] [stdout] 57a5848a4056079684eb9c5206713476ae7272d703139dcbe0405d0500f1d31d
